m(-4).
2
Suppose 0 = 5*i - i - 12. Suppose 0 = -4*p - 0*o + i*o + 1, -2*p + 3*o = 7. Suppose -2*h = -3*x + 42, 2*h = 4*x + p*h - 42. What are the prime factors of x?
2, 3
Let b = 101 + -60. What are the prime factors of b?
41
Suppose -3*d + 80 + 58 = -2*g, 5*g + 15 = 0. List the prime factors of d.
2, 11
Let w be (15 - 11)/((-1)/2). List the prime factors of (-122)/(-18) - w/36.
7
Let v be (-1)/(1*3/(-24)). Let d = 7 - 1. Suppose -4*c + 4*n = -0*n - v, 0 = -3*n + d. What are the prime factors of c?
2
Let q = 21 + -10. Let v(p) = q + 2*p + 2*p - 4*p - p. What are the prime factors of v(0)?
11
Let g(v) = -v**2 + 8*v - 3. Suppose 3*o - l + 1 = 3*l, 5*o = l + 4. Suppose 0*z + z = x + o, -5*z = 5*x - 35. List the prime factors of g(x).
2, 3
Let m = 2 - 3. Let w be m*(-12)/(2/1). Suppose 0*h = h - w. What are the prime factors of h?
2, 3
Let p(h) = -h**3 + 5*h**2 - 4*h + 5. Suppose -2 = -f + 2. What are the prime factors of p(f)?
5
Suppose -m + s = m + 4, -4*m - 14 = s. Let o be (-14)/m + (-2)/3. Suppose 2*y = 2*u - 28, -3*u - o*y = -0*u - 21. List the prime factors of u.
11
Let z be 24/8 + (2 - 0). Suppose k + 4*t - 3 = -13, -4*t - 2 = z*k. Suppose 0 = -3*a + 8 - k. What are the prime factors of a?
2
Suppose 5*z = -4*k + 1259 + 125, -2*z = -2*k - 550. List the prime factors of z.
2, 3, 23
Suppose 2 = -4*p - 34. What are the prime factors of 2/(-2) + (-1 - p)?
7
Let t(u) = 46*u**2 - 1. Let i be t(1). Suppose -4*b - 4*n + 13 - i = 0, -2*b + 5*n + 19 = 0. List the prime factors of (-2 + b)*-1 + 0.
5
Let c = 9 - 7. Suppose c*x + x = 42. What are the prime factors of x?
2, 7
Let y = 6 + -5. List the prime factors of 40/y - (-1 + 4).
37
Let j = -27 - -51. What are the prime factors of j?
2, 3
Let g(s) = -5*s**2 - 7*s - 25. Let l(z) = 3*z**2 + 5*z + 17. Let d(a) = -5*g(a) - 8*l(a). What are the prime factors of d(10)?
3, 13
Suppose 5*t - 24 = 1. Let n be ((-6)/(t + -2))/(-1). Suppose 0*a + 10 = 3*a + n*g, 4*a - 4*g = 0. What are the prime factors of a?
2
Suppose -7*z + 651 = -0*z. List the prime factors of z.
3, 31
Let a(j) = -66*j**3 + j**2 + j - 1. What are the prime factors of a(-1)?
5, 13
Let j(n) = -n - 6. Let y be j(-9). Suppose -y*u + 11 = -25. List the prime factors of u.
2, 3
Suppose 4*f = -b + 56, 7*b - 5*f = 2*b + 355. List the prime factors of b.
2, 17
Let r be 26/6 - 9/27. Suppose 0*y - 52 = -r*y. What are the prime factors of y?
13
Let k = -18 - 0. What are the prime factors of (k/(-15))/((-2)/(-5))?
3
Let q be (0 - -8)*(-2 + 4). List the prime factors of (q/(-6))/(6/(-9)).
2
Let m(d) = -d**3 + 3*d**2 + d - 1. Let g be m(-2). Suppose -g - 15 = -2*h. What are the prime factors of h?
2
Let u = -1 - -1. Let c be 1*5/((-20)/(-8)). Suppose u*q = c*q - 8. What are the prime factors of q?
2
Suppose a + 323 = 4*p - 4*a, -p - 4*a = -107. What are the prime factors of p?
3, 29
Suppose 3*n = -3*k - k + 267, -4*k = 0. Let v = n - 62. List the prime factors of v.
3
Suppose -5*t - 116 + 501 = 0. What are the prime factors of t?
7, 11
Let q = 16 - 11. Suppose -2*u + q*u + 3 = 0. List the prime factors of -3 - u - (-6 - 0).
2
Let m(c) = c - 1. Let u(a) = 12*a - 15. Let v(f) = -5*m(f) + u(f). Let s(i) = -i. Let k(h) = -6*s(h) - v(h). What are the prime factors of k(6)?
2
List the prime factors of 16/(-24) - 172/(-6).
2, 7
Suppose 3*r = -2*r + 35. Let l(u) = -u**3 - 7*u**2 - 8*u - 9. Let z be l(-6). Let j = r + z. List the prime factors of j.
2, 5
Let z(r) = -22*r - 2. What are the prime factors of z(-2)?
2, 3, 7
Suppose 2*o - 8 = 4*b, -b = 4*o + b - 36. Suppose 4*r + 24 = o*r. What are the prime factors of r?
2, 3
Let y(i) = 10*i**2 + 1. Let t be y(-1). Let n = 14 - t. List the prime factors of n.
3
Suppose 2*x = 8 - 4. Suppose 2*v - x*p - 2 = 26, 2*p + 70 = 5*v. List the prime factors of v.
2, 7
Suppose 4 = b - 5. Let i(a) = -a**2 + 10*a - 5. List the prime factors of i(b).
2
Let k be (2/4)/(1/4). Suppose 3*v - 4*l - 18 = 0, 0 = -3*v - v - k*l + 2. List the prime factors of v.
2
Let q(o) be the first derivative of -17*o**2 + 2*o - 7. What are the prime factors of q(-1)?
2, 3
Let l be 3*(2 + -1)*1. What are the prime factors of 1*(-11)/(2 - l)?
11
Let d(m) = 11*m**3 - 1. Let b be d(1). Let s = -5 + b. What are the prime factors of s?
5
Suppose -2*f + 10*f = 64. What are the prime factors of f?
2
Let u = 3 + -5. Let x = 5 - u. Let n(s) = s**2 - 4*s - 10. What are the prime factors of n(x)?
11
Suppose 0*s + 2*s - 430 = -4*l, -3*l + 335 = 4*s. List the prime factors of l.
3, 5, 7
List the prime factors of 50/3 + 6/(-9).
2
Let g = -38 + 9. Let q = 52 + g. What are the prime factors of q?
23
What are the prime factors of 526/10 - (-24)/60?
53
Suppose n - 9 = -2*x - 0*n, 3*n = -4*x + 21. Suppose -x*h + 6*h = 18. Suppose -2*w - 36 = -h*w. What are the prime factors of w?
3
Let y = -29 + 14. Let p be y - -3*4/6. Let z = p + 22. List the prime factors of z.
3
Suppose -5*l + 47 = -288. What are the prime factors of l?
67
Let z = -10 + 11. Let p(u) = -z + 3*u + 2 + 3. What are the prime factors of p(5)?
19
Let k = -136 + 324. List the prime factors of k.
2, 47
Let v = 17 - 20. What are the prime factors of (9/12)/(v/(-20))?
5
Let o(i) = -i**3 - 2*i**2 + 3*i + 2. Suppose -2*c - 8 = 4*f, 2*f = -2*f + 2*c. Let j = f - 2. List the prime factors of o(j).
2
Let v = 3 - 2. Let u = -1 + v. Suppose -6*k + k + 10 = u. List the prime factors of k.
2
Let m = -53 + 117. What are the prime factors of m?
2
Let z = 8 - 4. Suppose 43 = z*b - 1. What are the prime factors of b?
11
Suppose 0 = 2*w + 2, 2*n = -3*n + 4*w + 219. List the prime factors of n.
43
Let n be (-1)/(-4) + (-243)/(-36). Let c(a) = 3*a + 4. List the prime factors of c(n).
5
List the prime factors of (760/(-50))/((-2)/5).
2, 19
Let a = 7 - 5. Let p be 1*-2 + -1 + a. Let q = 4 - p. List the prime factors of q.
5
Suppose 6*i = 2*i. Let n = i + -14. Let y = -8 - n. List the prime factors of y.
2, 3
Let c = -11 + 13. Let v be -6*(0 + 1 + -2). Suppose 4*l = u - v*u + 57, 5*u - 41 = -c*l. What are the prime factors of l?
2
Let s(o) be the second derivative of -o**5/20 + o**4/3 + 5*o**3/6 - 2*o**2 - 5*o. List the prime factors of s(4).
2
Let b be 6/2 - (-13 + 16). Suppose -5*w + 6*w - 7 = b. List the prime factors of w.
7
Suppose 5*z - z = -4*l + 356, -3*z + 297 = -3*l. Suppose 156 + z = 5*g. List the prime factors of g.
2, 5
List the prime factors of (-212)/(-16) - (-12)/16.
2, 7
Suppose -4*l - 8 = -5*m + 3*m, 0 = -l + m - 2. Let s = 0 - l. Suppose -s*r = -3*r + 10. List the prime factors of r.
2, 5
Let d be -15*(3 + (-11)/3). What are the prime factors of (-2)/(-5) + 66/d?
7
Suppose f - 8 = -j - 1, -j - 4*f = -10. Suppose -g + j = -10. List the prime factors of g.
2
Suppose 4*k = -12, -5*d - 5*k - 79 = -d. Let y = 48 + d. What are the prime factors of y?
2
Suppose 10 + 0 = -2*l. List the prime factors of 904/40 + (-2)/l.
23
Let h(t) = 2*t**2 - 2*t - 4. Let s be h(5). Suppose 106 = 5*x - 3*v, 2*x + 2*v = -0*x + s. What are the prime factors of x?
2, 5
Suppose 0 = -7*j + 9*j. Suppose -4*c = 2*b - 1 - 29, j = 4*c - 3*b - 45. List the prime factors of c.
3
Suppose i + 11 - 63 = -3*n, -n = 2*i - 19. What are the prime factors of n?
17
Suppose u + 0*u = 6. Let r(m) = -1 + 4*m - 9*m + u*m. What are the prime factors of r(3)?
2
Suppose 0*y = -y - 5*r - 28, y + 3*r = -36. Let p = -27 - y. What are the prime factors of p?
3, 7
Let a(z) = -2*z + 4. Let i be a(3). Let p be (-47)/(i/4 + 1). What are the prime factors of (-8)/12 - p/6?
3, 5
Let g(h) = 7*h**3 - 13*h**2 - 12*h + 2. Let o(r) = -11*r**3 + 20*r**2 + 18*r - 3. Let f(x) = -8*g(x) - 5*o(x). What are the prime factors of f(5)?
2
Let k(d) = 2*d**2 - 4*d + 3. Let u be k(2). Suppose s = 3*g + 13, s - u*g - g = 8. List the prime factors of s.
2, 7
Let g(m) = -m**2 + 9*m - 10. Let h be g(8). Suppose 6 = -0*k + k. Let q = h + k. What are the prime factors of q?
2
Let h = 38 + -24. What are the prime factors of h?
2, 7
Let g(a) = a**3 - a**2 + 2*a + 1. Suppose -2*m - 10 = -2*p, 4*m + 17 = 4*p + m. What are the prime factors of g(p)?
3
Suppose b - 17 = 2*y, -b = -4*y - 20 + 1. Suppose 0*o = -3*o + b. Suppose 0 = -v + o*v - 48. What are the prime factors of v?
2, 3
Suppose -7*a - 22 + 141 = 0. Suppose -5*t + 3*q = -63 + 14, 2*t = -4*q + 4. Let h = a - t. List the prime factors of h.